{"id":5,"date":"2023-03-30T22:53:36","date_gmt":"2023-03-30T20:53:36","guid":{"rendered":"http:\/\/www.caracterenaturel.com\/?page_id=5"},"modified":"2025-03-29T11:23:58","modified_gmt":"2025-03-29T10:23:58","slug":"caractere-naturel","status":"publish","type":"page","link":"http:\/\/www.caracterenaturel.com\/","title":{"rendered":"Caract\u00e8re naturel"},"content":{"rendered":"\n<p class=\"has-text-color has-background\" style=\"color:#e2caa9;background-color:#7a7b47\">Bien plus qu&rsquo;une simple brisure d&rsquo;arbre, le bois flott\u00e9, ce bois perdu est le fruit de la rudesse de la nature; il a une histoire\u2026Son esth\u00e9tique, sculpt\u00e9e par le temps et les \u00e9l\u00e9ments naturels lui donne ce caract\u00e8re myst\u00e9rieux, cet air \u00ab\u00a0brut de mer\u00a0\u00bb.<\/p>\n\n\n\n<figure class=\"wp-block-gallery has-nested-images columns-default is-cropped wp-block-gallery-1 is-layout-flex wp-block-gallery-is-layout-flex\">\n<figure class=\"wp-block-image size-large\"><a href=\"http:\/\/www.caracterenaturel.com\/index.php\/miroirs\/miroir-rectangulaire\/\"><img loading=\"lazy\" decoding=\"async\" width=\"600\" height=\"753\" data-id=\"175\" src=\"http:\/\/www.caracterenaturel.com\/wp-content\/uploads\/2023\/11\/DSCN1156-web.jpg\" alt=\"\" class=\"wp-image-175\" srcset=\"http:\/\/www.caracterenaturel.com\/wp-content\/uploads\/2023\/11\/DSCN1156-web.jpg 600w, http:\/\/www.caracterenaturel.com\/wp-content\/uploads\/2023\/11\/DSCN1156-web-239x300.jpg 239w\" sizes=\"auto, (max-width: 600px) 100vw, 600px\" \/><\/a><\/figure>\n\n\n\n<figure class=\"wp-block-image size-large\"><a href=\"http:\/\/www.caracterenaturel.com\/index.php\/objets-de-decoration\/arbre-monumental\/\"><img loading=\"lazy\" decoding=\"async\" width=\"877\" height=\"1024\" data-id=\"147\" src=\"http:\/\/www.caracterenaturel.com\/wp-content\/uploads\/2023\/11\/XNYN4882-877x1024.jpg\" alt=\"\" class=\"wp-image-147\" srcset=\"http:\/\/www.caracterenaturel.com\/wp-content\/uploads\/2023\/11\/XNYN4882-877x1024.jpg 877w, http:\/\/www.caracterenaturel.com\/wp-content\/uploads\/2023\/11\/XNYN4882-257x300.jpg 257w, http:\/\/www.caracterenaturel.com\/wp-content\/uploads\/2023\/11\/XNYN4882-768x897.jpg 768w, http:\/\/www.caracterenaturel.com\/wp-content\/uploads\/2023\/11\/XNYN4882-1315x1536.jpg 1315w, http:\/\/www.caracterenaturel.com\/wp-content\/uploads\/2023\/11\/XNYN4882-1754x2048.jpg 1754w, http:\/\/www.caracterenaturel.com\/wp-content\/uploads\/2023\/11\/XNYN4882-1200x1401.jpg 1200w, http:\/\/www.caracterenaturel.com\/wp-content\/uploads\/2023\/11\/XNYN4882-1980x2312.jpg 1980w\" sizes=\"auto, (max-width: 877px) 100vw, 877px\" \/><\/a><figcaption class=\"wp-element-caption\">Arbre monumental<\/figcaption><\/figure>\n<\/figure>\n\n\n\n<p class=\"has-text-color has-background\" style=\"color:#e2caa9;background-color:#7a7b47\">La nature ne s&rsquo;adapte plus ici \u00e0 l&rsquo;homme ; c&rsquo;est l&rsquo;artiste qui se plie aux exigences parfois contraignantes du bois ramass\u00e9 ici et l\u00e0, lors de ballades durant lesquelles on ne sait ce que l&rsquo;on va trouver.<br>Ramasser du bois flott\u00e9 c&rsquo;est \u00eatre au bord de la mer et sous un arbre \u00e0 la fois. <\/p>\n\n\n\n<figure class=\"wp-block-gallery has-nested-images columns-default is-cropped wp-block-gallery-2 is-layout-flex wp-block-gallery-is-layout-flex\">\n<figure class=\"wp-block-image size-large\"><a href=\"http:\/\/www.caracterenaturel.com\/index.php\/meubles\/console-2015\/\"><img loading=\"lazy\" decoding=\"async\" width=\"678\" height=\"1024\" data-id=\"206\" src=\"http:\/\/www.caracterenaturel.com\/wp-content\/uploads\/2023\/11\/IMGP1145-web-678x1024.jpg\" alt=\"\" class=\"wp-image-206\" srcset=\"http:\/\/www.caracterenaturel.com\/wp-content\/uploads\/2023\/11\/IMGP1145-web-678x1024.jpg 678w, http:\/\/www.caracterenaturel.com\/wp-content\/uploads\/2023\/11\/IMGP1145-web-199x300.jpg 199w, http:\/\/www.caracterenaturel.com\/wp-content\/uploads\/2023\/11\/IMGP1145-web-768x1160.jpg 768w, http:\/\/www.caracterenaturel.com\/wp-content\/uploads\/2023\/11\/IMGP1145-web.jpg 800w\" sizes=\"auto, (max-width: 678px) 100vw, 678px\" \/><\/a><figcaption class=\"wp-element-caption\">Console 2015<\/figcaption><\/figure>\n\n\n\n<figure class=\"wp-block-image size-large\"><a href=\"http:\/\/www.caracterenaturel.com\/index.php\/meubles\/bibliotheque\/\"><img loading=\"lazy\" decoding=\"async\" width=\"829\" height=\"1024\" data-id=\"156\" src=\"http:\/\/www.caracterenaturel.com\/wp-content\/uploads\/2023\/11\/IGP2846-web-829x1024.jpg\" alt=\"\" class=\"wp-image-156\" srcset=\"http:\/\/www.caracterenaturel.com\/wp-content\/uploads\/2023\/11\/IGP2846-web-829x1024.jpg 829w, http:\/\/www.caracterenaturel.com\/wp-content\/uploads\/2023\/11\/IGP2846-web-243x300.jpg 243w, http:\/\/www.caracterenaturel.com\/wp-content\/uploads\/2023\/11\/IGP2846-web-768x949.jpg 768w, http:\/\/www.caracterenaturel.com\/wp-content\/uploads\/2023\/11\/IGP2846-web.jpg 1024w\" sizes=\"auto, (max-width: 829px) 100vw, 829px\" \/><\/a><figcaption class=\"wp-element-caption\">Biblioth\u00e8que<\/figcaption><\/figure>\n<\/figure>\n\n\n\n<p class=\"has-text-color has-background\" style=\"color:#e2caa9;background-color:#7a7b47\">De ce contraste est n\u00e9e l&rsquo;id\u00e9e, l&rsquo;envie de \u00ab\u00a0travailler\u00a0\u00bb ce bois pour lui donner une nouvelle valeur, le r\u00e9ins\u00e9rer dans le monde et dans notre quotidien, tout en le respectant.<br>C&rsquo;est donc \u00e0 partir de mat\u00e9riaux de r\u00e9cup\u00e9ration, sans clou ni vis, que les cr\u00e9ations CARACTERE NATUREL sont r\u00e9alis\u00e9es, sur demande, afin de conserver la rusticit\u00e9 de la mati\u00e8re premi\u00e8re.<\/p>\n\n\n\n<figure class=\"wp-block-gallery has-nested-images columns-default is-cropped wp-block-gallery-3 is-layout-flex wp-block-gallery-is-layout-flex\">\n<figure class=\"wp-block-image size-large\"><a href=\"http:\/\/www.caracterenaturel.com\/index.php\/luminaires\/lampe-de-chevet\/\"><img loading=\"lazy\" decoding=\"async\" width=\"668\" height=\"1024\" data-id=\"259\" src=\"http:\/\/www.caracterenaturel.com\/wp-content\/uploads\/2024\/01\/DSCN2496-668x1024.jpg\" alt=\"\" class=\"wp-image-259\" srcset=\"http:\/\/www.caracterenaturel.com\/wp-content\/uploads\/2024\/01\/DSCN2496-668x1024.jpg 668w, http:\/\/www.caracterenaturel.com\/wp-content\/uploads\/2024\/01\/DSCN2496-196x300.jpg 196w, http:\/\/www.caracterenaturel.com\/wp-content\/uploads\/2024\/01\/DSCN2496-768x1177.jpg 768w, http:\/\/www.caracterenaturel.com\/wp-content\/uploads\/2024\/01\/DSCN2496-1002x1536.jpg 1002w, http:\/\/www.caracterenaturel.com\/wp-content\/uploads\/2024\/01\/DSCN2496-1336x2048.jpg 1336w, http:\/\/www.caracterenaturel.com\/wp-content\/uploads\/2024\/01\/DSCN2496-1200x1839.jpg 1200w, http:\/\/www.caracterenaturel.com\/wp-content\/uploads\/2024\/01\/DSCN2496.jpg 1542w\" sizes=\"auto, (max-width: 668px) 100vw, 668px\" \/><\/a><figcaption class=\"wp-element-caption\">Lampe de chevet<\/figcaption><\/figure>\n\n\n\n<figure class=\"wp-block-image size-large\"><a href=\"http:\/\/www.caracterenaturel.com\/index.php\/media\/\"><img loading=\"lazy\" decoding=\"async\" width=\"769\" height=\"1024\" data-id=\"194\" src=\"http:\/\/www.caracterenaturel.com\/wp-content\/uploads\/2023\/11\/2015-vivre-bordeaux4-769x1024.jpg\" alt=\"\" class=\"wp-image-194\" srcset=\"http:\/\/www.caracterenaturel.com\/wp-content\/uploads\/2023\/11\/2015-vivre-bordeaux4-769x1024.jpg 769w, http:\/\/www.caracterenaturel.com\/wp-content\/uploads\/2023\/11\/2015-vivre-bordeaux4-225x300.jpg 225w, http:\/\/www.caracterenaturel.com\/wp-content\/uploads\/2023\/11\/2015-vivre-bordeaux4-768x1022.jpg 768w, http:\/\/www.caracterenaturel.com\/wp-content\/uploads\/2023\/11\/2015-vivre-bordeaux4.jpg 800w\" sizes=\"auto, (max-width: 769px) 100vw, 769px\" \/><\/a><\/figure>\n<\/figure>\n","protected":false},"excerpt":{"rendered":"<p>Bien plus qu&rsquo;une simple brisure d&rsquo;arbre, le bois flott\u00e9, ce bois perdu est le fruit de la rudesse de la nature; il a une histoire\u2026Son esth\u00e9tique, sculpt\u00e9e par le temps et les \u00e9l\u00e9ments naturels lui donne ce caract\u00e8re myst\u00e9rieux, cet air \u00ab\u00a0brut de mer\u00a0\u00bb. La nature ne s&rsquo;adapte plus ici \u00e0 l&rsquo;homme ; c&rsquo;est l&rsquo;artiste [&hellip;]<\/p>\n","protected":false},"author":1,"featured_media":0,"parent":0,"menu_order":0,"comment_status":"closed","ping_status":"closed","template":"","meta":{"footnotes":""},"class_list":["post-5","page","type-page","status-publish","hentry"],"_links":{"self":[{"href":"http:\/\/www.caracterenaturel.com\/index.php\/wp-json\/wp\/v2\/pages\/5","targetHints":{"allow":["GET"]}}],"collection":[{"href":"http:\/\/www.caracterenaturel.com\/index.php\/wp-json\/wp\/v2\/pages"}],"about":[{"href":"http:\/\/www.caracterenaturel.com\/index.php\/wp-json\/wp\/v2\/types\/page"}],"author":[{"embeddable":true,"href":"http:\/\/www.caracterenaturel.com\/index.php\/wp-json\/wp\/v2\/users\/1"}],"replies":[{"embeddable":true,"href":"http:\/\/www.caracterenaturel.com\/index.php\/wp-json\/wp\/v2\/comments?post=5"}],"version-history":[{"count":23,"href":"http:\/\/www.caracterenaturel.com\/index.php\/wp-json\/wp\/v2\/pages\/5\/revisions"}],"predecessor-version":[{"id":503,"href":"http:\/\/www.caracterenaturel.com\/index.php\/wp-json\/wp\/v2\/pages\/5\/revisions\/503"}],"wp:attachment":[{"href":"http:\/\/www.caracterenaturel.com\/index.php\/wp-json\/wp\/v2\/media?parent=5"}],"curies":[{"name":"wp","href":"https:\/\/api.w.org\/{rel}","templated":true}]}}

Caractère naturel

<p class="has-text-color has-background" style="color:#e2caa9;background-color:#7a7b47">Bien plus qu&rsquo;une simple brisure d&rsquo;arbre, le bois flotté, ce bois perdu est le fruit de la rudesse de la nature; il a une histoire…Son esthétique, sculptée par le temps et les éléments naturels lui donne ce caractère mystérieux, cet air « brut de mer ».</p>



<figure class="wp-block-gallery has-nested-images columns-default is-cropped wp-block-gallery-1 is-layout-flex wp-block-gallery-is-layout-flex">
<figure class="wp-block-image size-large"><a href="http://www.caracterenaturel.com/index.php/miroirs/miroir-rectangulaire/"><img loading="lazy" decoding="async" width="600" height="753" data-id="175" src="http://www.caracterenaturel.com/wp-content/uploads/2023/11/DSCN1156-web.jpg" alt="" class="wp-image-175" srcset="http://www.caracterenaturel.com/wp-content/uploads/2023/11/DSCN1156-web.jpg 600w, http://www.caracterenaturel.com/wp-content/uploads/2023/11/DSCN1156-web-239x300.jpg 239w" sizes="auto, (max-width: 600px) 100vw, 600px" /></a></figure>



<figure class="wp-block-image size-large"><a href="http://www.caracterenaturel.com/index.php/objets-de-decoration/arbre-monumental/"><img loading="lazy" decoding="async" width="877" height="1024" data-id="147" src="http://www.caracterenaturel.com/wp-content/uploads/2023/11/XNYN4882-877x1024.jpg" alt="" class="wp-image-147" srcset="http://www.caracterenaturel.com/wp-content/uploads/2023/11/XNYN4882-877x1024.jpg 877w, http://www.caracterenaturel.com/wp-content/uploads/2023/11/XNYN4882-257x300.jpg 257w, http://www.caracterenaturel.com/wp-content/uploads/2023/11/XNYN4882-768x897.jpg 768w, http://www.caracterenaturel.com/wp-content/uploads/2023/11/XNYN4882-1315x1536.jpg 1315w, http://www.caracterenaturel.com/wp-content/uploads/2023/11/XNYN4882-1754x2048.jpg 1754w, http://www.caracterenaturel.com/wp-content/uploads/2023/11/XNYN4882-1200x1401.jpg 1200w, http://www.caracterenaturel.com/wp-content/uploads/2023/11/XNYN4882-1980x2312.jpg 1980w" sizes="auto, (max-width: 877px) 100vw, 877px" /></a><figcaption class="wp-element-caption">Arbre monumental</figcaption></figure>
</figure>



<p class="has-text-color has-background" style="color:#e2caa9;background-color:#7a7b47">La nature ne s&rsquo;adapte plus ici à l&rsquo;homme ; c&rsquo;est l&rsquo;artiste qui se plie aux exigences parfois contraignantes du bois ramassé ici et là, lors de ballades durant lesquelles on ne sait ce que l&rsquo;on va trouver.<br>Ramasser du bois flotté c&rsquo;est être au bord de la mer et sous un arbre à la fois. </p>



<figure class="wp-block-gallery has-nested-images columns-default is-cropped wp-block-gallery-2 is-layout-flex wp-block-gallery-is-layout-flex">
<figure class="wp-block-image size-large"><a href="http://www.caracterenaturel.com/index.php/meubles/console-2015/"><img loading="lazy" decoding="async" width="678" height="1024" data-id="206" src="http://www.caracterenaturel.com/wp-content/uploads/2023/11/IMGP1145-web-678x1024.jpg" alt="" class="wp-image-206" srcset="http://www.caracterenaturel.com/wp-content/uploads/2023/11/IMGP1145-web-678x1024.jpg 678w, http://www.caracterenaturel.com/wp-content/uploads/2023/11/IMGP1145-web-199x300.jpg 199w, http://www.caracterenaturel.com/wp-content/uploads/2023/11/IMGP1145-web-768x1160.jpg 768w, http://www.caracterenaturel.com/wp-content/uploads/2023/11/IMGP1145-web.jpg 800w" sizes="auto, (max-width: 678px) 100vw, 678px" /></a><figcaption class="wp-element-caption">Console 2015</figcaption></figure>



<figure class="wp-block-image size-large"><a href="http://www.caracterenaturel.com/index.php/meubles/bibliotheque/"><img loading="lazy" decoding="async" width="829" height="1024" data-id="156" src="http://www.caracterenaturel.com/wp-content/uploads/2023/11/IGP2846-web-829x1024.jpg" alt="" class="wp-image-156" srcset="http://www.caracterenaturel.com/wp-content/uploads/2023/11/IGP2846-web-829x1024.jpg 829w, http://www.caracterenaturel.com/wp-content/uploads/2023/11/IGP2846-web-243x300.jpg 243w, http://www.caracterenaturel.com/wp-content/uploads/2023/11/IGP2846-web-768x949.jpg 768w, http://www.caracterenaturel.com/wp-content/uploads/2023/11/IGP2846-web.jpg 1024w" sizes="auto, (max-width: 829px) 100vw, 829px" /></a><figcaption class="wp-element-caption">Bibliothèque</figcaption></figure>
</figure>



<p class="has-text-color has-background" style="color:#e2caa9;background-color:#7a7b47">De ce contraste est née l&rsquo;idée, l&rsquo;envie de « travailler » ce bois pour lui donner une nouvelle valeur, le réinsérer dans le monde et dans notre quotidien, tout en le respectant.<br>C&rsquo;est donc à partir de matériaux de récupération, sans clou ni vis, que les créations CARACTERE NATUREL sont réalisées, sur demande, afin de conserver la rusticité de la matière première.</p>



<figure class="wp-block-gallery has-nested-images columns-default is-cropped wp-block-gallery-3 is-layout-flex wp-block-gallery-is-layout-flex">
<figure class="wp-block-image size-large"><a href="http://www.caracterenaturel.com/index.php/luminaires/lampe-de-chevet/"><img loading="lazy" decoding="async" width="668" height="1024" data-id="259" src="http://www.caracterenaturel.com/wp-content/uploads/2024/01/DSCN2496-668x1024.jpg" alt="" class="wp-image-259" srcset="http://www.caracterenaturel.com/wp-content/uploads/2024/01/DSCN2496-668x1024.jpg 668w, http://www.caracterenaturel.com/wp-content/uploads/2024/01/DSCN2496-196x300.jpg 196w, http://www.caracterenaturel.com/wp-content/uploads/2024/01/DSCN2496-768x1177.jpg 768w, http://www.caracterenaturel.com/wp-content/uploads/2024/01/DSCN2496-1002x1536.jpg 1002w, http://www.caracterenaturel.com/wp-content/uploads/2024/01/DSCN2496-1336x2048.jpg 1336w, http://www.caracterenaturel.com/wp-content/uploads/2024/01/DSCN2496-1200x1839.jpg 1200w, http://www.caracterenaturel.com/wp-content/uploads/2024/01/DSCN2496.jpg 1542w" sizes="auto, (max-width: 668px) 100vw, 668px" /></a><figcaption class="wp-element-caption">Lampe de chevet</figcaption></figure>



<figure class="wp-block-image size-large"><a href="http://www.caracterenaturel.com/index.php/media/"><img loading="lazy" decoding="async" width="769" height="1024" data-id="194" src="http://www.caracterenaturel.com/wp-content/uploads/2023/11/2015-vivre-bordeaux4-769x1024.jpg" alt="" class="wp-image-194" srcset="http://www.caracterenaturel.com/wp-content/uploads/2023/11/2015-vivre-bordeaux4-769x1024.jpg 769w, http://www.caracterenaturel.com/wp-content/uploads/2023/11/2015-vivre-bordeaux4-225x300.jpg 225w, http://www.caracterenaturel.com/wp-content/uploads/2023/11/2015-vivre-bordeaux4-768x1022.jpg 768w, http://www.caracterenaturel.com/wp-content/uploads/2023/11/2015-vivre-bordeaux4.jpg 800w" sizes="auto, (max-width: 769px) 100vw, 769px" /></a></figure>
</figure>

<p>Bien plus qu&rsquo;une simple brisure d&rsquo;arbre, le bois flotté, ce bois perdu est le fruit de la rudesse de la nature; il a une histoire…Son esthétique, sculptée par le temps et les éléments naturels lui donne ce caractère mystérieux, cet air « brut de mer ». La nature ne s&rsquo;adapte plus ici à l&rsquo;homme ; c&rsquo;est l&rsquo;artiste [&hellip;]</p>
