{"id":452,"date":"2025-03-29T10:16:52","date_gmt":"2025-03-29T09:16:52","guid":{"rendered":"http:\/\/www.caracterenaturel.com\/?page_id=452"},"modified":"2025-03-29T10:18:03","modified_gmt":"2025-03-29T09:18:03","slug":"petit-meuble-de-rangement","status":"publish","type":"page","link":"http:\/\/www.caracterenaturel.com\/index.php\/petit-meuble-de-rangement\/","title":{"rendered":"Petit meuble de rangement"},"content":{"rendered":"\n<p class=\"has-text-align-center\">En bois flott\u00e9 et bois de r\u00e9cup\u00e9ration.<br><a href=\"http:\/\/www.caracterenaturel.com\/index.php\/contactform7\/\" data-type=\"page\" data-id=\"213\">Commandez le votre \u00e0 vos dimensions<\/a><\/p>\n\n\n\n<figure class=\"wp-block-image size-large\"><img loading=\"lazy\" decoding=\"async\" width=\"751\" height=\"1024\" src=\"http:\/\/www.caracterenaturel.com\/wp-content\/uploads\/2025\/03\/DSCN3240-web-751x1024.jpg\" alt=\"\" class=\"wp-image-453\" srcset=\"http:\/\/www.caracterenaturel.com\/wp-content\/uploads\/2025\/03\/DSCN3240-web-751x1024.jpg 751w, http:\/\/www.caracterenaturel.com\/wp-content\/uploads\/2025\/03\/DSCN3240-web-220x300.jpg 220w, http:\/\/www.caracterenaturel.com\/wp-content\/uploads\/2025\/03\/DSCN3240-web-768x1047.jpg 768w, http:\/\/www.caracterenaturel.com\/wp-content\/uploads\/2025\/03\/DSCN3240-web.jpg 800w\" sizes=\"auto, (max-width: 751px) 100vw, 751px\" \/><\/figure>\n\n\n\n<figure class=\"wp-block-image size-full\"><img loading=\"lazy\" decoding=\"async\" width=\"587\" height=\"800\" src=\"http:\/\/www.caracterenaturel.com\/wp-content\/uploads\/2025\/03\/DSCN3233-web.jpg\" alt=\"\" class=\"wp-image-454\" srcset=\"http:\/\/www.caracterenaturel.com\/wp-content\/uploads\/2025\/03\/DSCN3233-web.jpg 587w, http:\/\/www.caracterenaturel.com\/wp-content\/uploads\/2025\/03\/DSCN3233-web-220x300.jpg 220w\" sizes=\"auto, (max-width: 587px) 100vw, 587px\" \/><\/figure>\n","protected":false},"excerpt":{"rendered":"<p>En bois flott\u00e9 et bois de r\u00e9cup\u00e9ration.Commandez le votre \u00e0 vos dimensions<\/p>\n","protected":false},"author":1,"featured_media":0,"parent":0,"menu_order":0,"comment_status":"closed","ping_status":"closed","template":"","meta":{"footnotes":""},"class_list":["post-452","page","type-page","status-publish","hentry"],"_links":{"self":[{"href":"http:\/\/www.caracterenaturel.com\/index.php\/wp-json\/wp\/v2\/pages\/452","targetHints":{"allow":["GET"]}}],"collection":[{"href":"http:\/\/www.caracterenaturel.com\/index.php\/wp-json\/wp\/v2\/pages"}],"about":[{"href":"http:\/\/www.caracterenaturel.com\/index.php\/wp-json\/wp\/v2\/types\/page"}],"author":[{"embeddable":true,"href":"http:\/\/www.caracterenaturel.com\/index.php\/wp-json\/wp\/v2\/users\/1"}],"replies":[{"embeddable":true,"href":"http:\/\/www.caracterenaturel.com\/index.php\/wp-json\/wp\/v2\/comments?post=452"}],"version-history":[{"count":2,"href":"http:\/\/www.caracterenaturel.com\/index.php\/wp-json\/wp\/v2\/pages\/452\/revisions"}],"predecessor-version":[{"id":457,"href":"http:\/\/www.caracterenaturel.com\/index.php\/wp-json\/wp\/v2\/pages\/452\/revisions\/457"}],"wp:attachment":[{"href":"http:\/\/www.caracterenaturel.com\/index.php\/wp-json\/wp\/v2\/media?parent=452"}],"curies":[{"name":"wp","href":"https:\/\/api.w.org\/{rel}","templated":true}]}}