{"id":322,"date":"2024-01-03T16:25:55","date_gmt":"2024-01-03T15:25:55","guid":{"rendered":"http:\/\/www.caracterenaturel.com\/?page_id=322"},"modified":"2025-03-28T11:13:22","modified_gmt":"2025-03-28T10:13:22","slug":"cadre-photo","status":"publish","type":"page","link":"http:\/\/www.caracterenaturel.com\/index.php\/objets-de-decoration\/cadre-photo\/","title":{"rendered":"Cadre photo"},"content":{"rendered":"\n<p class=\"has-text-align-center\">En bois flott\u00e9 et bois de r\u00e9cup\u00e9ration<br><a href=\"http:\/\/www.caracterenaturel.com\/index.php\/contactform7\/\" data-type=\"link\" data-id=\"http:\/\/www.caracterenaturel.com\/index.php\/contactform7\/\">Commandez le votre \u00e0 vos dimensions<\/a><\/p>\n\n\n\n<figure class=\"wp-block-image size-large\"><img loading=\"lazy\" decoding=\"async\" width=\"751\" height=\"1024\" src=\"http:\/\/www.caracterenaturel.com\/wp-content\/uploads\/2024\/01\/IMG_0184-presse-751x1024.jpg\" alt=\"\" class=\"wp-image-323\" srcset=\"http:\/\/www.caracterenaturel.com\/wp-content\/uploads\/2024\/01\/IMG_0184-presse-751x1024.jpg 751w, http:\/\/www.caracterenaturel.com\/wp-content\/uploads\/2024\/01\/IMG_0184-presse-220x300.jpg 220w, http:\/\/www.caracterenaturel.com\/wp-content\/uploads\/2024\/01\/IMG_0184-presse-768x1047.jpg 768w, http:\/\/www.caracterenaturel.com\/wp-content\/uploads\/2024\/01\/IMG_0184-presse-1126x1536.jpg 1126w, http:\/\/www.caracterenaturel.com\/wp-content\/uploads\/2024\/01\/IMG_0184-presse-1502x2048.jpg 1502w, http:\/\/www.caracterenaturel.com\/wp-content\/uploads\/2024\/01\/IMG_0184-presse-1200x1636.jpg 1200w, http:\/\/www.caracterenaturel.com\/wp-content\/uploads\/2024\/01\/IMG_0184-presse-1980x2700.jpg 1980w, http:\/\/www.caracterenaturel.com\/wp-content\/uploads\/2024\/01\/IMG_0184-presse-scaled.jpg 1877w\" sizes=\"auto, (max-width: 751px) 100vw, 751px\" \/><\/figure>\n\n\n\n<figure class=\"wp-block-image size-large\"><img loading=\"lazy\" decoding=\"async\" width=\"763\" height=\"1024\" src=\"http:\/\/www.caracterenaturel.com\/wp-content\/uploads\/2024\/01\/IMG_0177-web-763x1024.jpg\" alt=\"\" class=\"wp-image-324\" srcset=\"http:\/\/www.caracterenaturel.com\/wp-content\/uploads\/2024\/01\/IMG_0177-web-763x1024.jpg 763w, http:\/\/www.caracterenaturel.com\/wp-content\/uploads\/2024\/01\/IMG_0177-web-223x300.jpg 223w, http:\/\/www.caracterenaturel.com\/wp-content\/uploads\/2024\/01\/IMG_0177-web-768x1031.jpg 768w, http:\/\/www.caracterenaturel.com\/wp-content\/uploads\/2024\/01\/IMG_0177-web.jpg 800w\" sizes=\"auto, (max-width: 763px) 100vw, 763px\" \/><\/figure>\n","protected":false},"excerpt":{"rendered":"<p>En bois flott\u00e9 et bois de r\u00e9cup\u00e9rationCommandez le votre \u00e0 vos dimensions<\/p>\n","protected":false},"author":1,"featured_media":0,"parent":57,"menu_order":0,"comment_status":"closed","ping_status":"closed","template":"","meta":{"footnotes":""},"class_list":["post-322","page","type-page","status-publish","hentry"],"_links":{"self":[{"href":"http:\/\/www.caracterenaturel.com\/index.php\/wp-json\/wp\/v2\/pages\/322","targetHints":{"allow":["GET"]}}],"collection":[{"href":"http:\/\/www.caracterenaturel.com\/index.php\/wp-json\/wp\/v2\/pages"}],"about":[{"href":"http:\/\/www.caracterenaturel.com\/index.php\/wp-json\/wp\/v2\/types\/page"}],"author":[{"embeddable":true,"href":"http:\/\/www.caracterenaturel.com\/index.php\/wp-json\/wp\/v2\/users\/1"}],"replies":[{"embeddable":true,"href":"http:\/\/www.caracterenaturel.com\/index.php\/wp-json\/wp\/v2\/comments?post=322"}],"version-history":[{"count":3,"href":"http:\/\/www.caracterenaturel.com\/index.php\/wp-json\/wp\/v2\/pages\/322\/revisions"}],"predecessor-version":[{"id":395,"href":"http:\/\/www.caracterenaturel.com\/index.php\/wp-json\/wp\/v2\/pages\/322\/revisions\/395"}],"up":[{"embeddable":true,"href":"http:\/\/www.caracterenaturel.com\/index.php\/wp-json\/wp\/v2\/pages\/57"}],"wp:attachment":[{"href":"http:\/\/www.caracterenaturel.com\/index.php\/wp-json\/wp\/v2\/media?parent=322"}],"curies":[{"name":"wp","href":"https:\/\/api.w.org\/{rel}","templated":true}]}}

<p class="has-text-align-center">En bois flotté et bois de récupération<br><a href="http://www.caracterenaturel.com/index.php/contactform7/" data-type="link" data-id="http://www.caracterenaturel.com/index.php/contactform7/">Commandez le votre à vos dimensions</a></p>



<figure class="wp-block-image size-large"><img loading="lazy" decoding="async" width="751" height="1024" src="http://www.caracterenaturel.com/wp-content/uploads/2024/01/IMG_0184-presse-751x1024.jpg" alt="" class="wp-image-323" srcset="http://www.caracterenaturel.com/wp-content/uploads/2024/01/IMG_0184-presse-751x1024.jpg 751w, http://www.caracterenaturel.com/wp-content/uploads/2024/01/IMG_0184-presse-220x300.jpg 220w, http://www.caracterenaturel.com/wp-content/uploads/2024/01/IMG_0184-presse-768x1047.jpg 768w, http://www.caracterenaturel.com/wp-content/uploads/2024/01/IMG_0184-presse-1126x1536.jpg 1126w, http://www.caracterenaturel.com/wp-content/uploads/2024/01/IMG_0184-presse-1502x2048.jpg 1502w, http://www.caracterenaturel.com/wp-content/uploads/2024/01/IMG_0184-presse-1200x1636.jpg 1200w, http://www.caracterenaturel.com/wp-content/uploads/2024/01/IMG_0184-presse-1980x2700.jpg 1980w, http://www.caracterenaturel.com/wp-content/uploads/2024/01/IMG_0184-presse-scaled.jpg 1877w" sizes="auto, (max-width: 751px) 100vw, 751px" /></figure>



<figure class="wp-block-image size-large"><img loading="lazy" decoding="async" width="763" height="1024" src="http://www.caracterenaturel.com/wp-content/uploads/2024/01/IMG_0177-web-763x1024.jpg" alt="" class="wp-image-324" srcset="http://www.caracterenaturel.com/wp-content/uploads/2024/01/IMG_0177-web-763x1024.jpg 763w, http://www.caracterenaturel.com/wp-content/uploads/2024/01/IMG_0177-web-223x300.jpg 223w, http://www.caracterenaturel.com/wp-content/uploads/2024/01/IMG_0177-web-768x1031.jpg 768w, http://www.caracterenaturel.com/wp-content/uploads/2024/01/IMG_0177-web.jpg 800w" sizes="auto, (max-width: 763px) 100vw, 763px" /></figure>

<p>En bois flotté et bois de récupérationCommandez le votre à vos dimensions</p>
