{"id":282,"date":"2024-01-03T16:07:06","date_gmt":"2024-01-03T15:07:06","guid":{"rendered":"http:\/\/www.caracterenaturel.com\/?page_id=282"},"modified":"2025-03-28T11:26:45","modified_gmt":"2025-03-28T10:26:45","slug":"chevets","status":"publish","type":"page","link":"http:\/\/www.caracterenaturel.com\/index.php\/meubles\/chevets\/","title":{"rendered":"Chevets"},"content":{"rendered":"\n<p class=\"has-text-align-center\">En bois flott\u00e9 et bois de r\u00e9cup\u00e9ration.<br><a href=\"http:\/\/www.caracterenaturel.com\/index.php\/contactform7\/\" data-type=\"page\" data-id=\"213\">Commandez les votres \u00e0 vos dimensions<\/a><\/p>\n\n\n\n<figure class=\"wp-block-image size-large\"><img loading=\"lazy\" decoding=\"async\" width=\"751\" height=\"1024\" src=\"http:\/\/www.caracterenaturel.com\/wp-content\/uploads\/2024\/01\/DSCN2931-751x1024.jpg\" alt=\"\" class=\"wp-image-283\" srcset=\"http:\/\/www.caracterenaturel.com\/wp-content\/uploads\/2024\/01\/DSCN2931-751x1024.jpg 751w, http:\/\/www.caracterenaturel.com\/wp-content\/uploads\/2024\/01\/DSCN2931-220x300.jpg 220w, http:\/\/www.caracterenaturel.com\/wp-content\/uploads\/2024\/01\/DSCN2931-768x1047.jpg 768w, http:\/\/www.caracterenaturel.com\/wp-content\/uploads\/2024\/01\/DSCN2931-1126x1536.jpg 1126w, http:\/\/www.caracterenaturel.com\/wp-content\/uploads\/2024\/01\/DSCN2931-1200x1637.jpg 1200w, http:\/\/www.caracterenaturel.com\/wp-content\/uploads\/2024\/01\/DSCN2931.jpg 1264w\" sizes=\"auto, (max-width: 751px) 100vw, 751px\" \/><\/figure>\n\n\n\n<figure class=\"wp-block-image size-large\"><img loading=\"lazy\" decoding=\"async\" width=\"1024\" height=\"751\" src=\"http:\/\/www.caracterenaturel.com\/wp-content\/uploads\/2024\/01\/DSCN2936-1024x751.jpg\" alt=\"\" class=\"wp-image-284\" srcset=\"http:\/\/www.caracterenaturel.com\/wp-content\/uploads\/2024\/01\/DSCN2936-1024x751.jpg 1024w, http:\/\/www.caracterenaturel.com\/wp-content\/uploads\/2024\/01\/DSCN2936-300x220.jpg 300w, http:\/\/www.caracterenaturel.com\/wp-content\/uploads\/2024\/01\/DSCN2936-768x563.jpg 768w, http:\/\/www.caracterenaturel.com\/wp-content\/uploads\/2024\/01\/DSCN2936-1536x1127.jpg 1536w, http:\/\/www.caracterenaturel.com\/wp-content\/uploads\/2024\/01\/DSCN2936-2048x1502.jpg 2048w, http:\/\/www.caracterenaturel.com\/wp-content\/uploads\/2024\/01\/DSCN2936-1200x880.jpg 1200w, http:\/\/www.caracterenaturel.com\/wp-content\/uploads\/2024\/01\/DSCN2936-1980x1452.jpg 1980w\" sizes=\"auto, (max-width: 1024px) 100vw, 1024px\" \/><\/figure>\n\n\n\n<figure class=\"wp-block-image size-large\"><img loading=\"lazy\" decoding=\"async\" width=\"751\" height=\"1024\" src=\"http:\/\/www.caracterenaturel.com\/wp-content\/uploads\/2024\/01\/DSCN2927-751x1024.jpg\" alt=\"\" class=\"wp-image-285\" srcset=\"http:\/\/www.caracterenaturel.com\/wp-content\/uploads\/2024\/01\/DSCN2927-751x1024.jpg 751w, http:\/\/www.caracterenaturel.com\/wp-content\/uploads\/2024\/01\/DSCN2927-220x300.jpg 220w, http:\/\/www.caracterenaturel.com\/wp-content\/uploads\/2024\/01\/DSCN2927-768x1047.jpg 768w, http:\/\/www.caracterenaturel.com\/wp-content\/uploads\/2024\/01\/DSCN2927-1126x1536.jpg 1126w, http:\/\/www.caracterenaturel.com\/wp-content\/uploads\/2024\/01\/DSCN2927-1502x2048.jpg 1502w, http:\/\/www.caracterenaturel.com\/wp-content\/uploads\/2024\/01\/DSCN2927-1200x1636.jpg 1200w, http:\/\/www.caracterenaturel.com\/wp-content\/uploads\/2024\/01\/DSCN2927.jpg 1510w\" sizes=\"auto, (max-width: 751px) 100vw, 751px\" \/><\/figure>\n","protected":false},"excerpt":{"rendered":"<p>En bois flott\u00e9 et bois de r\u00e9cup\u00e9ration.Commandez les votres \u00e0 vos dimensions<\/p>\n","protected":false},"author":1,"featured_media":0,"parent":80,"menu_order":0,"comment_status":"closed","ping_status":"closed","template":"","meta":{"footnotes":""},"class_list":["post-282","page","type-page","status-publish","hentry"],"_links":{"self":[{"href":"http:\/\/www.caracterenaturel.com\/index.php\/wp-json\/wp\/v2\/pages\/282","targetHints":{"allow":["GET"]}}],"collection":[{"href":"http:\/\/www.caracterenaturel.com\/index.php\/wp-json\/wp\/v2\/pages"}],"about":[{"href":"http:\/\/www.caracterenaturel.com\/index.php\/wp-json\/wp\/v2\/types\/page"}],"author":[{"embeddable":true,"href":"http:\/\/www.caracterenaturel.com\/index.php\/wp-json\/wp\/v2\/users\/1"}],"replies":[{"embeddable":true,"href":"http:\/\/www.caracterenaturel.com\/index.php\/wp-json\/wp\/v2\/comments?post=282"}],"version-history":[{"count":2,"href":"http:\/\/www.caracterenaturel.com\/index.php\/wp-json\/wp\/v2\/pages\/282\/revisions"}],"predecessor-version":[{"id":420,"href":"http:\/\/www.caracterenaturel.com\/index.php\/wp-json\/wp\/v2\/pages\/282\/revisions\/420"}],"up":[{"embeddable":true,"href":"http:\/\/www.caracterenaturel.com\/index.php\/wp-json\/wp\/v2\/pages\/80"}],"wp:attachment":[{"href":"http:\/\/www.caracterenaturel.com\/index.php\/wp-json\/wp\/v2\/media?parent=282"}],"curies":[{"name":"wp","href":"https:\/\/api.w.org\/{rel}","templated":true}]}}