{"id":226,"date":"2024-01-03T15:32:16","date_gmt":"2024-01-03T14:32:16","guid":{"rendered":"http:\/\/www.caracterenaturel.com\/?page_id=226"},"modified":"2025-03-28T11:18:56","modified_gmt":"2025-03-28T10:18:56","slug":"lampadaire","status":"publish","type":"page","link":"http:\/\/www.caracterenaturel.com\/index.php\/luminaires\/lampadaire\/","title":{"rendered":"Lampadaire"},"content":{"rendered":"\n<p class=\"has-text-align-center\">En bois flott\u00e9 et bois de r\u00e9cup\u00e9ration. Hauteur: 1,60m<br> Vendu sans abat-jour.<br><a href=\"http:\/\/www.caracterenaturel.com\/index.php\/contactform7\/\" data-type=\"link\" data-id=\"http:\/\/www.caracterenaturel.com\/index.php\/contactform7\/\">Commandez le votre \u00e0 vos dimensions<\/a><\/p>\n\n\n\n<figure class=\"wp-block-image size-full\"><img loading=\"lazy\" decoding=\"async\" width=\"800\" height=\"942\" src=\"http:\/\/www.caracterenaturel.com\/wp-content\/uploads\/2024\/01\/IMGP0965-web.jpg\" alt=\"\" class=\"wp-image-227\" srcset=\"http:\/\/www.caracterenaturel.com\/wp-content\/uploads\/2024\/01\/IMGP0965-web.jpg 800w, http:\/\/www.caracterenaturel.com\/wp-content\/uploads\/2024\/01\/IMGP0965-web-255x300.jpg 255w, http:\/\/www.caracterenaturel.com\/wp-content\/uploads\/2024\/01\/IMGP0965-web-768x904.jpg 768w\" sizes=\"auto, (max-width: 800px) 100vw, 800px\" \/><\/figure>\n\n\n\n<figure class=\"wp-block-image size-large\"><img loading=\"lazy\" decoding=\"async\" width=\"728\" height=\"1024\" src=\"http:\/\/www.caracterenaturel.com\/wp-content\/uploads\/2024\/01\/IMG_9147-web-728x1024.jpg\" alt=\"\" class=\"wp-image-228\" srcset=\"http:\/\/www.caracterenaturel.com\/wp-content\/uploads\/2024\/01\/IMG_9147-web-728x1024.jpg 728w, http:\/\/www.caracterenaturel.com\/wp-content\/uploads\/2024\/01\/IMG_9147-web-213x300.jpg 213w, http:\/\/www.caracterenaturel.com\/wp-content\/uploads\/2024\/01\/IMG_9147-web-768x1080.jpg 768w, http:\/\/www.caracterenaturel.com\/wp-content\/uploads\/2024\/01\/IMG_9147-web.jpg 800w\" sizes=\"auto, (max-width: 728px) 100vw, 728px\" \/><\/figure>\n\n\n\n<figure class=\"wp-block-image size-large\"><img loading=\"lazy\" decoding=\"async\" width=\"793\" height=\"1024\" src=\"http:\/\/www.caracterenaturel.com\/wp-content\/uploads\/2024\/01\/IMGP0967-web-793x1024.jpg\" alt=\"\" class=\"wp-image-229\" srcset=\"http:\/\/www.caracterenaturel.com\/wp-content\/uploads\/2024\/01\/IMGP0967-web-793x1024.jpg 793w, http:\/\/www.caracterenaturel.com\/wp-content\/uploads\/2024\/01\/IMGP0967-web-232x300.jpg 232w, http:\/\/www.caracterenaturel.com\/wp-content\/uploads\/2024\/01\/IMGP0967-web-768x992.jpg 768w, http:\/\/www.caracterenaturel.com\/wp-content\/uploads\/2024\/01\/IMGP0967-web.jpg 800w\" sizes=\"auto, (max-width: 793px) 100vw, 793px\" \/><\/figure>\n","protected":false},"excerpt":{"rendered":"<p>En bois flott\u00e9 et bois de r\u00e9cup\u00e9ration. Hauteur: 1,60m Vendu sans abat-jour.Commandez le votre \u00e0 vos dimensions<\/p>\n","protected":false},"author":1,"featured_media":0,"parent":70,"menu_order":0,"comment_status":"closed","ping_status":"closed","template":"","meta":{"footnotes":""},"class_list":["post-226","page","type-page","status-publish","hentry"],"_links":{"self":[{"href":"http:\/\/www.caracterenaturel.com\/index.php\/wp-json\/wp\/v2\/pages\/226","targetHints":{"allow":["GET"]}}],"collection":[{"href":"http:\/\/www.caracterenaturel.com\/index.php\/wp-json\/wp\/v2\/pages"}],"about":[{"href":"http:\/\/www.caracterenaturel.com\/index.php\/wp-json\/wp\/v2\/types\/page"}],"author":[{"embeddable":true,"href":"http:\/\/www.caracterenaturel.com\/index.php\/wp-json\/wp\/v2\/users\/1"}],"replies":[{"embeddable":true,"href":"http:\/\/www.caracterenaturel.com\/index.php\/wp-json\/wp\/v2\/comments?post=226"}],"version-history":[{"count":8,"href":"http:\/\/www.caracterenaturel.com\/index.php\/wp-json\/wp\/v2\/pages\/226\/revisions"}],"predecessor-version":[{"id":405,"href":"http:\/\/www.caracterenaturel.com\/index.php\/wp-json\/wp\/v2\/pages\/226\/revisions\/405"}],"up":[{"embeddable":true,"href":"http:\/\/www.caracterenaturel.com\/index.php\/wp-json\/wp\/v2\/pages\/70"}],"wp:attachment":[{"href":"http:\/\/www.caracterenaturel.com\/index.php\/wp-json\/wp\/v2\/media?parent=226"}],"curies":[{"name":"wp","href":"https:\/\/api.w.org\/{rel}","templated":true}]}}