{"id":117,"date":"2023-11-02T10:40:30","date_gmt":"2023-11-02T09:40:30","guid":{"rendered":"http:\/\/www.caracterenaturel.com\/?page_id=117"},"modified":"2025-03-28T11:20:41","modified_gmt":"2025-03-28T10:20:41","slug":"grande-lampe","status":"publish","type":"page","link":"http:\/\/www.caracterenaturel.com\/index.php\/luminaires\/grande-lampe\/","title":{"rendered":"Grande lampe"},"content":{"rendered":"\n<p class=\"has-text-align-center\">En bois flott\u00e9 et bois de r\u00e9cup\u00e9ration. Hauteur 65cm<br>Vendue sans abat-jour<br><a href=\"http:\/\/www.caracterenaturel.com\/index.php\/contactform7\/\" data-type=\"page\" data-id=\"213\">Commandez la votre \u00e0 vos dimensions<\/a><\/p>\n\n\n\n<figure class=\"wp-block-image size-large\"><img loading=\"lazy\" decoding=\"async\" width=\"768\" height=\"1024\" src=\"http:\/\/www.caracterenaturel.com\/wp-content\/uploads\/2023\/11\/DSCN1774-768x1024.jpg\" alt=\"\" class=\"wp-image-118\" srcset=\"http:\/\/www.caracterenaturel.com\/wp-content\/uploads\/2023\/11\/DSCN1774-768x1024.jpg 768w, http:\/\/www.caracterenaturel.com\/wp-content\/uploads\/2023\/11\/DSCN1774-225x300.jpg 225w, http:\/\/www.caracterenaturel.com\/wp-content\/uploads\/2023\/11\/DSCN1774-1152x1536.jpg 1152w, http:\/\/www.caracterenaturel.com\/wp-content\/uploads\/2023\/11\/DSCN1774-1536x2048.jpg 1536w, http:\/\/www.caracterenaturel.com\/wp-content\/uploads\/2023\/11\/DSCN1774-1200x1600.jpg 1200w, http:\/\/www.caracterenaturel.com\/wp-content\/uploads\/2023\/11\/DSCN1774-rotated.jpg 1920w\" sizes=\"auto, (max-width: 768px) 100vw, 768px\" \/><\/figure>\n\n\n\n<figure class=\"wp-block-image size-large\"><img loading=\"lazy\" decoding=\"async\" width=\"1024\" height=\"768\" src=\"http:\/\/www.caracterenaturel.com\/wp-content\/uploads\/2023\/11\/DSCN1785-1024x768.jpg\" alt=\"\" class=\"wp-image-120\" srcset=\"http:\/\/www.caracterenaturel.com\/wp-content\/uploads\/2023\/11\/DSCN1785-1024x768.jpg 1024w, http:\/\/www.caracterenaturel.com\/wp-content\/uploads\/2023\/11\/DSCN1785-300x225.jpg 300w, http:\/\/www.caracterenaturel.com\/wp-content\/uploads\/2023\/11\/DSCN1785-768x576.jpg 768w, http:\/\/www.caracterenaturel.com\/wp-content\/uploads\/2023\/11\/DSCN1785-1536x1152.jpg 1536w, http:\/\/www.caracterenaturel.com\/wp-content\/uploads\/2023\/11\/DSCN1785-2048x1536.jpg 2048w, http:\/\/www.caracterenaturel.com\/wp-content\/uploads\/2023\/11\/DSCN1785-1200x900.jpg 1200w, http:\/\/www.caracterenaturel.com\/wp-content\/uploads\/2023\/11\/DSCN1785-1980x1485.jpg 1980w\" sizes=\"auto, (max-width: 1024px) 100vw, 1024px\" \/><\/figure>\n","protected":false},"excerpt":{"rendered":"<p>En bois flott\u00e9 et bois de r\u00e9cup\u00e9ration. Hauteur 65cmVendue sans abat-jourCommandez la votre \u00e0 vos dimensions<\/p>\n","protected":false},"author":1,"featured_media":0,"parent":70,"menu_order":0,"comment_status":"closed","ping_status":"closed","template":"","meta":{"footnotes":""},"class_list":["post-117","page","type-page","status-publish","hentry"],"_links":{"self":[{"href":"http:\/\/www.caracterenaturel.com\/index.php\/wp-json\/wp\/v2\/pages\/117","targetHints":{"allow":["GET"]}}],"collection":[{"href":"http:\/\/www.caracterenaturel.com\/index.php\/wp-json\/wp\/v2\/pages"}],"about":[{"href":"http:\/\/www.caracterenaturel.com\/index.php\/wp-json\/wp\/v2\/types\/page"}],"author":[{"embeddable":true,"href":"http:\/\/www.caracterenaturel.com\/index.php\/wp-json\/wp\/v2\/users\/1"}],"replies":[{"embeddable":true,"href":"http:\/\/www.caracterenaturel.com\/index.php\/wp-json\/wp\/v2\/comments?post=117"}],"version-history":[{"count":5,"href":"http:\/\/www.caracterenaturel.com\/index.php\/wp-json\/wp\/v2\/pages\/117\/revisions"}],"predecessor-version":[{"id":408,"href":"http:\/\/www.caracterenaturel.com\/index.php\/wp-json\/wp\/v2\/pages\/117\/revisions\/408"}],"up":[{"embeddable":true,"href":"http:\/\/www.caracterenaturel.com\/index.php\/wp-json\/wp\/v2\/pages\/70"}],"wp:attachment":[{"href":"http:\/\/www.caracterenaturel.com\/index.php\/wp-json\/wp\/v2\/media?parent=117"}],"curies":[{"name":"wp","href":"https:\/\/api.w.org\/{rel}","templated":true}]}}

<p class="has-text-align-center">En bois flotté et bois de récupération. Hauteur 65cm<br>Vendue sans abat-jour<br><a href="http://www.caracterenaturel.com/index.php/contactform7/" data-type="page" data-id="213">Commandez la votre à vos dimensions</a></p>



<figure class="wp-block-image size-large"><img loading="lazy" decoding="async" width="768" height="1024" src="http://www.caracterenaturel.com/wp-content/uploads/2023/11/DSCN1774-768x1024.jpg" alt="" class="wp-image-118" srcset="http://www.caracterenaturel.com/wp-content/uploads/2023/11/DSCN1774-768x1024.jpg 768w, http://www.caracterenaturel.com/wp-content/uploads/2023/11/DSCN1774-225x300.jpg 225w, http://www.caracterenaturel.com/wp-content/uploads/2023/11/DSCN1774-1152x1536.jpg 1152w, http://www.caracterenaturel.com/wp-content/uploads/2023/11/DSCN1774-1536x2048.jpg 1536w, http://www.caracterenaturel.com/wp-content/uploads/2023/11/DSCN1774-1200x1600.jpg 1200w, http://www.caracterenaturel.com/wp-content/uploads/2023/11/DSCN1774-rotated.jpg 1920w" sizes="auto, (max-width: 768px) 100vw, 768px" /></figure>



<figure class="wp-block-image size-large"><img loading="lazy" decoding="async" width="1024" height="768" src="http://www.caracterenaturel.com/wp-content/uploads/2023/11/DSCN1785-1024x768.jpg" alt="" class="wp-image-120" srcset="http://www.caracterenaturel.com/wp-content/uploads/2023/11/DSCN1785-1024x768.jpg 1024w, http://www.caracterenaturel.com/wp-content/uploads/2023/11/DSCN1785-300x225.jpg 300w, http://www.caracterenaturel.com/wp-content/uploads/2023/11/DSCN1785-768x576.jpg 768w, http://www.caracterenaturel.com/wp-content/uploads/2023/11/DSCN1785-1536x1152.jpg 1536w, http://www.caracterenaturel.com/wp-content/uploads/2023/11/DSCN1785-2048x1536.jpg 2048w, http://www.caracterenaturel.com/wp-content/uploads/2023/11/DSCN1785-1200x900.jpg 1200w, http://www.caracterenaturel.com/wp-content/uploads/2023/11/DSCN1785-1980x1485.jpg 1980w" sizes="auto, (max-width: 1024px) 100vw, 1024px" /></figure>

<p>En bois flotté et bois de récupération. Hauteur 65cmVendue sans abat-jourCommandez la votre à vos dimensions</p>
