{"id":107,"date":"2023-11-02T10:31:16","date_gmt":"2023-11-02T09:31:16","guid":{"rendered":"http:\/\/www.caracterenaturel.com\/?page_id=107"},"modified":"2025-03-28T11:17:37","modified_gmt":"2025-03-28T10:17:37","slug":"applique","status":"publish","type":"page","link":"http:\/\/www.caracterenaturel.com\/index.php\/luminaires\/applique\/","title":{"rendered":"Applique"},"content":{"rendered":"\n<p class=\"has-text-align-center\">En bois flott\u00e9 et bois de r\u00e9cup\u00e9ration. 60x46x21cm<br><a href=\"http:\/\/www.caracterenaturel.com\/index.php\/contactform7\/\" data-type=\"link\" data-id=\"http:\/\/www.caracterenaturel.com\/index.php\/contactform7\/\">Commandez le votre \u00e0 vos dimensions<\/a><\/p>\n\n\n\n<figure class=\"wp-block-image size-large\"><img loading=\"lazy\" decoding=\"async\" width=\"862\" height=\"1024\" src=\"http:\/\/www.caracterenaturel.com\/wp-content\/uploads\/2023\/11\/aplique-presse-862x1024.jpg\" alt=\"\" class=\"wp-image-109\" srcset=\"http:\/\/www.caracterenaturel.com\/wp-content\/uploads\/2023\/11\/aplique-presse-862x1024.jpg 862w, http:\/\/www.caracterenaturel.com\/wp-content\/uploads\/2023\/11\/aplique-presse-253x300.jpg 253w, http:\/\/www.caracterenaturel.com\/wp-content\/uploads\/2023\/11\/aplique-presse-768x912.jpg 768w, http:\/\/www.caracterenaturel.com\/wp-content\/uploads\/2023\/11\/aplique-presse-1293x1536.jpg 1293w, http:\/\/www.caracterenaturel.com\/wp-content\/uploads\/2023\/11\/aplique-presse-1200x1425.jpg 1200w, http:\/\/www.caracterenaturel.com\/wp-content\/uploads\/2023\/11\/aplique-presse.jpg 1566w\" sizes=\"auto, (max-width: 862px) 100vw, 862px\" \/><\/figure>\n\n\n\n<figure class=\"wp-block-image size-large\"><img loading=\"lazy\" decoding=\"async\" width=\"756\" height=\"1024\" src=\"http:\/\/www.caracterenaturel.com\/wp-content\/uploads\/2023\/11\/DSCN1226-web-756x1024.jpg\" alt=\"\" class=\"wp-image-110\" srcset=\"http:\/\/www.caracterenaturel.com\/wp-content\/uploads\/2023\/11\/DSCN1226-web-756x1024.jpg 756w, http:\/\/www.caracterenaturel.com\/wp-content\/uploads\/2023\/11\/DSCN1226-web-222x300.jpg 222w, http:\/\/www.caracterenaturel.com\/wp-content\/uploads\/2023\/11\/DSCN1226-web-768x1040.jpg 768w, http:\/\/www.caracterenaturel.com\/wp-content\/uploads\/2023\/11\/DSCN1226-web.jpg 800w\" sizes=\"auto, (max-width: 756px) 100vw, 756px\" \/><\/figure>\n\n\n\n<figure class=\"wp-block-image size-full\"><img loading=\"lazy\" decoding=\"async\" width=\"800\" height=\"1013\" src=\"http:\/\/www.caracterenaturel.com\/wp-content\/uploads\/2023\/11\/DSCN1228-web.jpg\" alt=\"\" class=\"wp-image-111\" srcset=\"http:\/\/www.caracterenaturel.com\/wp-content\/uploads\/2023\/11\/DSCN1228-web.jpg 800w, http:\/\/www.caracterenaturel.com\/wp-content\/uploads\/2023\/11\/DSCN1228-web-237x300.jpg 237w, http:\/\/www.caracterenaturel.com\/wp-content\/uploads\/2023\/11\/DSCN1228-web-768x972.jpg 768w\" sizes=\"auto, (max-width: 800px) 100vw, 800px\" \/><\/figure>\n","protected":false},"excerpt":{"rendered":"<p>En bois flott\u00e9 et bois de r\u00e9cup\u00e9ration. 60x46x21cmCommandez le votre \u00e0 vos dimensions<\/p>\n","protected":false},"author":1,"featured_media":0,"parent":70,"menu_order":0,"comment_status":"closed","ping_status":"closed","template":"","meta":{"footnotes":""},"class_list":["post-107","page","type-page","status-publish","hentry"],"_links":{"self":[{"href":"http:\/\/www.caracterenaturel.com\/index.php\/wp-json\/wp\/v2\/pages\/107","targetHints":{"allow":["GET"]}}],"collection":[{"href":"http:\/\/www.caracterenaturel.com\/index.php\/wp-json\/wp\/v2\/pages"}],"about":[{"href":"http:\/\/www.caracterenaturel.com\/index.php\/wp-json\/wp\/v2\/types\/page"}],"author":[{"embeddable":true,"href":"http:\/\/www.caracterenaturel.com\/index.php\/wp-json\/wp\/v2\/users\/1"}],"replies":[{"embeddable":true,"href":"http:\/\/www.caracterenaturel.com\/index.php\/wp-json\/wp\/v2\/comments?post=107"}],"version-history":[{"count":3,"href":"http:\/\/www.caracterenaturel.com\/index.php\/wp-json\/wp\/v2\/pages\/107\/revisions"}],"predecessor-version":[{"id":401,"href":"http:\/\/www.caracterenaturel.com\/index.php\/wp-json\/wp\/v2\/pages\/107\/revisions\/401"}],"up":[{"embeddable":true,"href":"http:\/\/www.caracterenaturel.com\/index.php\/wp-json\/wp\/v2\/pages\/70"}],"wp:attachment":[{"href":"http:\/\/www.caracterenaturel.com\/index.php\/wp-json\/wp\/v2\/media?parent=107"}],"curies":[{"name":"wp","href":"https:\/\/api.w.org\/{rel}","templated":true}]}}

<p class="has-text-align-center">En bois flotté et bois de récupération. 60x46x21cm<br><a href="http://www.caracterenaturel.com/index.php/contactform7/" data-type="link" data-id="http://www.caracterenaturel.com/index.php/contactform7/">Commandez le votre à vos dimensions</a></p>



<figure class="wp-block-image size-large"><img loading="lazy" decoding="async" width="862" height="1024" src="http://www.caracterenaturel.com/wp-content/uploads/2023/11/aplique-presse-862x1024.jpg" alt="" class="wp-image-109" srcset="http://www.caracterenaturel.com/wp-content/uploads/2023/11/aplique-presse-862x1024.jpg 862w, http://www.caracterenaturel.com/wp-content/uploads/2023/11/aplique-presse-253x300.jpg 253w, http://www.caracterenaturel.com/wp-content/uploads/2023/11/aplique-presse-768x912.jpg 768w, http://www.caracterenaturel.com/wp-content/uploads/2023/11/aplique-presse-1293x1536.jpg 1293w, http://www.caracterenaturel.com/wp-content/uploads/2023/11/aplique-presse-1200x1425.jpg 1200w, http://www.caracterenaturel.com/wp-content/uploads/2023/11/aplique-presse.jpg 1566w" sizes="auto, (max-width: 862px) 100vw, 862px" /></figure>



<figure class="wp-block-image size-large"><img loading="lazy" decoding="async" width="756" height="1024" src="http://www.caracterenaturel.com/wp-content/uploads/2023/11/DSCN1226-web-756x1024.jpg" alt="" class="wp-image-110" srcset="http://www.caracterenaturel.com/wp-content/uploads/2023/11/DSCN1226-web-756x1024.jpg 756w, http://www.caracterenaturel.com/wp-content/uploads/2023/11/DSCN1226-web-222x300.jpg 222w, http://www.caracterenaturel.com/wp-content/uploads/2023/11/DSCN1226-web-768x1040.jpg 768w, http://www.caracterenaturel.com/wp-content/uploads/2023/11/DSCN1226-web.jpg 800w" sizes="auto, (max-width: 756px) 100vw, 756px" /></figure>



<figure class="wp-block-image size-full"><img loading="lazy" decoding="async" width="800" height="1013" src="http://www.caracterenaturel.com/wp-content/uploads/2023/11/DSCN1228-web.jpg" alt="" class="wp-image-111" srcset="http://www.caracterenaturel.com/wp-content/uploads/2023/11/DSCN1228-web.jpg 800w, http://www.caracterenaturel.com/wp-content/uploads/2023/11/DSCN1228-web-237x300.jpg 237w, http://www.caracterenaturel.com/wp-content/uploads/2023/11/DSCN1228-web-768x972.jpg 768w" sizes="auto, (max-width: 800px) 100vw, 800px" /></figure>

<p>En bois flotté et bois de récupération. 60x46x21cmCommandez le votre à vos dimensions</p>
